{"id":286,"date":"2021-02-14T22:02:14","date_gmt":"2021-02-14T21:02:14","guid":{"rendered":"https:\/\/bls-senat.de\/?page_id=286"},"modified":"2021-05-27T20:55:42","modified_gmt":"2021-05-27T19:55:42","slug":"anton-prestele","status":"publish","type":"page","link":"https:\/\/bls-senat.de\/?page_id=286","title":{"rendered":"Dr. Anton Prestele"},"content":{"rendered":"<p>Auch wenn Anton Prestele in verschiedensten Lebensbereichen mit vielen Menschen zusammen kam &#8211; wirklich gekannt haben in nur sehr Wenige. Das war auch schon im Kinderwagen so, denn w\u00e4hrend des 2. Weltkriegs gab es wenig Zeit zum Promenieren:<br \/>\n<a href=\"https:\/\/bls-senat.de\/wp-content\/uploads\/2021\/02\/anton_prestele-im-kinderwagen_vom-Vater-gemalt-Buch-dr-Vattr-II-2016.jpg\"><img loading=\"lazy\" decoding=\"async\" src=\"https:\/\/bls-senat.de\/wp-content\/uploads\/2021\/02\/anton_prestele-im-kinderwagen_vom-Vater-gemalt-Buch-dr-Vattr-II-2016.jpg\" title=\"Anton im Kinderwagen\" alt=\"Anton im Kinderwagen\"  width=\"172\" height=\"225\" align=\"left\" hspace=\"4\" vspace=\"2\"\/><\/a>Aufgewachsen und geboren ist er am 11. Okt. 1942 im Mietshaus Kellerweg 4 in  <a href=\"https:\/\/de.wikipedia.org\/wiki\/Wolfertschwenden\" rel=\"noopener\" target=\"_blank\">Wolfertschwenden<\/a>, einem Dorf ca. 15 km s\u00fcdwestlich von Memmingen.<br \/>\n(Bild: Josef Prestele malte seinen ersten Sohn Anton; aus Antons Buch &#8222;D&#8217;r Vatt&#8217;r hot&#8217;s g&#8217;sait&#8220; Band 1 2006).<br \/>\nAber in seinen<a href=\"https:\/\/bls-senat.de\/?p=235#comments\" rel=\"noopener\" target=\"_blank\"> f\u00fcnf B\u00fcchern<\/a>, die er ab 2002 schrieb, nach der vorzeitigen Pensionierung, legte er zu seinem Leben so viele Spuren, dass ich als sein Freund und dienstlicher Nachbar &#8211;  Anton war 10 Jahre lang Schulberater f\u00fcr Oberbayern Ost, ich war im Zimmer nebenan 30 Jahre lang Schulberater f\u00fcr Oberbayern West &#8211; f\u00fcr die Nachwelt mit ein paar Strichen sein Leben gut nachzeichnen kann. F\u00fcr weitere Informationen danke ich herzlich seiner Pflegerin, die nun weiterhin Antons Frau betreut, seinen Jugendfreunden  aus Wollfertschwenden, seinem Doktorvater, Kolleginnen und Kollegen aus seiner Berufszeit und vor allen seinen beiden Br\u00fcdern.<br \/>\n<br \/>\n<a href=\"https:\/\/bls-senat.de\/wp-content\/uploads\/2021\/02\/1942-10-11-Astrogramm-WeHo_Autor-Anton-Prestele-1985-09-15-scaled.jpg\"><img loading=\"lazy\" decoding=\"async\" src=\"https:\/\/bls-senat.de\/wp-content\/uploads\/2021\/02\/1942-10-11-Astrogramm-WeHo_Autor-Anton-Prestele-1985-09-15-scaled.jpg\"  title=\"Astrogramm WeHo - Autor: Anton Prestele\" alt=\"Astrogramm WeHo - Autor: Anton Prestele\" width=\"181\" height=\"256\" align=\"right\" hspace=\"4\" vspace=\"2\" \/><\/a>Ich gestehe ein besonderes Interesse an Antons Lebenslauf, denn wir haben viele Gemeinsamkeiten: exakt am gleichen Tag geboren, die gleichen F\u00e4cher studiert, den gleichen Beruf ergriffen. Und dann noch: unsere beiden M\u00fctter sind Jahrgang 1913. Wie mich Anton dann n\u00e4her kennen lernte, half ihm ein von ihm gezeichnetes Astrogramm der Sternekonstellation am Tag unserer Geburt, um sich und mir zu erkl\u00e4ren, warum wir doch sehr unterschiedlich sind: f\u00fcr ihn lag das am ungleichen Aszendenten. Das war noch vor seinem Psychologiestudium und der Promotion in P\u00e4dagogik 1987 bei Prof. Dr. Norbert Havers, der sich noch gut an Anton Prestele erinnert: &#8222;Er ist mir als ein scharfsichtiger, kenntnisreicher, engagierter und meinungsstarker Mensch in Erinnerung geblieben.&#8220;<br \/>\nMir erschienen, eher als das die Sterne und das Licht im Universum, die unterschiedliche Herkunft und das soziale Umfeld in der Kinder-  und Jugendzeit f\u00fcr die unterschiedliche Entwicklungen wichtig, die ich daher hier skizziere. \u00dcbrigens waren solche unterschiedlichen Auffassungen f\u00fcr Anton nie ein Problem, ich erlebte ihn da sehr tolerant.<\/p>\n<p>F\u00fcr einen Schulberater hatte er eine ideale, weil vielf\u00e4ltige Schullaufbahn: Sie begann in einer &#8222;Zwergschule&#8220;, wie man in der Schulreform der 1960er Jahre abwertend kleine Volksschulen auf dem Land zu bezeichnen pflegte, die klassen\u00fcbergreifend unterrichteten. Anton  besuchte vier Jahre lang jeweils die 1. -4. Klasse im 1. Stock und die 5. &#8211; 8. Klasse im Erdgeschoss. Auch viele Kinder Heimatvertriebener hatten da Platz gefunden. Wie Anton 14 und seine Br\u00fcder 12 und 10 Jahre alt waren, gab es einen gravierenden Einschnitt: die Mutter Gretl verstarb \u00fcberraschend an einem Blinddarmdurchbruch.<br \/>\n<a href=\"https:\/\/bls-senat.de\/wp-content\/uploads\/2021\/02\/Schule-Wolfertschwenden-scaled.jpg\"><img loading=\"lazy\" decoding=\"async\" src=\"https:\/\/bls-senat.de\/wp-content\/uploads\/2021\/02\/Schule-Wolfertschwenden-scaled.jpg\" title=\"Alte Schule Wolfertschwenden\" alt=\"Alte Schule Wolfertschwenden\" width=\"256\" height=\"188\" align=\"left\" hspace=\"4\" vspace=\"2\"\/><\/a> Der schulische Bildungsweg endete an einem kirchlichen Abendgymnasium (jetzt <a href=\"https:\/\/de.wikipedia.org\/wiki\/Ketteler-Kolleg_Mainz\" rel=\"noopener\" target=\"_blank\">Ketteler-Kolleg<\/a>) in Mainz (Rheinland-Pfalz);  das Abitur erreichte Anton 1966 also am Zweiten Bildungsweg.<br \/>\nDazwischen lag die zweij\u00e4hrige private Handelsschule Merkur in Memmingen, die zur Mittleren Reife f\u00fchrte, und eine Ausbildung zum Bankkaufmann an der Raiffeisenbank im Gr\u00f6nenbach. Das war morgens und abends ein St\u00fcck der gleich Weg mit dem Radl wie ihn der Vater t\u00e4glich zur\u00fccklegte, der als Bankkaufmann die Geldgesch\u00e4fte beim  Milchwerk Meinrad Milz KG in Thal bei Gr\u00f6nenbach verantwortete, heute ein <a href=\"http:\/\/www.rahmzentrale.de\/HISTORIE\/\" rel=\"noopener\" target=\"_blank\">Erinnerungsort f\u00fcr Kultur und Natur<\/a>. <\/p>\n<p>Nur wenige &#8222;Leiter*innen einer Staatlichen Schulberatungsstelle&#8220;, also Schulberater, k\u00f6nnen so eine facettenreiche Schullaufbahn aufweisen. Auch wenn Anton sie nicht am Tablett vor sich her trug &#8211; sie erleichterte es ihm, sich in die Schullaufbahn seiner Klienten und deren Eltern hineinzudenken.<\/p>\n<p>Und noch eine Gemeinsamkeit: Schon vor dem Beginn des Referendariats, um 1970 herum eher ungew\u00f6hnlich, wie mir der von Anton hoch gesch\u00e4tzte Seminarlehrer Peter Rauschmayer berichtete, hatten wir (je) eine liebe Frau geheiratet. Auch dass Anton nach dem 2. Staatsexamen in Mathematik und Physik 1973 an seiner Seminarschule, dem M\u00fcnchner  <a href=\"https:\/\/de.wikipedia.org\/wiki\/Luitpold-Gymnasium_(M%C3%BCnchen)\" rel=\"noopener\" target=\"_blank\">Luitpold-Gymnasium<\/a>, verblieb, war nach Peter Rauschmayers Auskunft ungew\u00f6hnlich.<\/p>\n<p><a href=\"https:\/\/bls-senat.de\/wp-content\/uploads\/2021\/02\/anton_prestele-1952.jpg\"><img loading=\"lazy\" decoding=\"async\" src=\"https:\/\/bls-senat.de\/wp-content\/uploads\/2021\/02\/anton_prestele-1952.jpg\"  title=\"Anton 1952\" alt=\"Anton 1952\" width=\"200\" height=\"119\" align=\"left\" hspace=\"4\" vspace=\"2\" \/><\/a> Die 1971-er Ehe mit Babette wollte Anton kirchlich annullieren lassen. Dazu schreibt er, dass das sch\u00f6nste am Antwortschreiben des erzbisch\u00f6flichen Metropolitangerichts die ausdrucksstarke Darstellung der Dreifaltigkeit im Briefkopf war. Der Inhalt \u00e4rgerte ihn so sehr, dass er der katholischen Kirche den R\u00fccken kehrte. Dabei hatte er sich, vom Vater streng katholisch erzogen, seit seiner Kindheit, als Ministrant (Bild von 1952), sp\u00e4ter auf dem Weg zum Priesterberuf und, wie sein unter den Anonym Oskar gef\u00fchrter <a href=\"http:\/\/oscarskirchenblog.blogspot.com\/\" rel=\"noopener\" target=\"_blank\">Blog<\/a> belegt, bis ins hohe Alter intensiv mit Gott, Jesus, der Kirche und dem Glauben ehrlich auseinandergesetzt.<\/p>\n<p>&#8230;&#8230;<br \/>\nFortsetzung folgt<br \/>\n&#8230;&#8230;<\/p>\n<p><a href=\"https:\/\/bls-senat.de\/wp-content\/uploads\/2021\/02\/anton_prestele-1996.jpg\"><img loading=\"lazy\" decoding=\"async\" src=\"https:\/\/bls-senat.de\/wp-content\/uploads\/2021\/02\/anton_prestele-1996.jpg\"  title=\"Anton bei Hochzeit 1996\" alt=\"Anton bei Hochzeit 1996\" width=\"200\" height=\"261\" align=\"right\" hspace=\"4\" vspace=\"2\" \/><\/a> Auch bei der gl\u00fccklichen Partnerschaft mit Sieglinde Meixner, die er dann in Penzberg 1996 (Foto von der Hochzeit) heiratete, bleib sein Groll \u00fcber die lieblosen Kirchenvorschriften f\u00fcr geschiedene Wiederverheiratete: &#8222;Die Kirche hat sich zwischen Gott und die Menschen geschoben&#8220; schreibt er.<\/p>\n<p>&#8230;&#8230;<\/p>\n<p>Fortsetzung folgt <\/p>\n<p>&#8230;&#8230;<\/p>\n<p>&#8230;&#8230;<br \/>\nAus der Staatlichen Schulberatung <a href=\"https:\/\/bls-senat.de\/wp-content\/uploads\/2021\/02\/sb_logo3.jpg\"><img loading=\"lazy\" decoding=\"async\" src=\"https:\/\/bls-senat.de\/wp-content\/uploads\/2021\/02\/sb_logo3.jpg\" title=\"SB Logo\"  alt=\"SB Logo\" width=\"107\" height=\"62\"  align=\"left\" hspace=\"4\" vspace=\"2\" \/><\/a><br \/>\nzum Landesverband Schulberatung e. V.<a href=\"https:\/\/bls-senat.de\/wp-content\/uploads\/2021\/02\/Logo-BLS_2005.jpg\"><img loading=\"lazy\" decoding=\"async\" src=\"https:\/\/bls-senat.de\/wp-content\/uploads\/2021\/02\/Logo-BLS_2005.jpg\" alt=\"\" width=\"51\" height=\"62\" align=\"right\" hspace=\"4\" vspace=\"2\" \/><\/a><\/p>\n<p>Um berufliche Lage der Schulberater zu verbessern,  hatten wir am 22. April 1989 in Regensburg den BLS &#8211; den Bayerischen Landesverband Schulberatung &#8211; gegr\u00fcndet; Anton war unter den 9 Gr\u00fcndern (im Bild rechts):<br \/>\n<a href=\"https:\/\/bls-senat.de\/wp-content\/uploads\/2021\/04\/1989-04-04-BLS-Grdg-in-R_v-d-DomspGymn_121.jpg\"><img loading=\"lazy\" decoding=\"async\" src=\"https:\/\/bls-senat.de\/wp-content\/uploads\/2021\/04\/1989-04-04-BLS-Grdg-in-R_v-d-DomspGymn_121.jpg\" alt=\"\" width=\"895\" height=\"636\" class=\"alignnone size-full wp-image-353\" srcset=\"https:\/\/bls-senat.de\/wp-content\/uploads\/2021\/04\/1989-04-04-BLS-Grdg-in-R_v-d-DomspGymn_121.jpg 895w, https:\/\/bls-senat.de\/wp-content\/uploads\/2021\/04\/1989-04-04-BLS-Grdg-in-R_v-d-DomspGymn_121-300x213.jpg 300w, https:\/\/bls-senat.de\/wp-content\/uploads\/2021\/04\/1989-04-04-BLS-Grdg-in-R_v-d-DomspGymn_121-768x546.jpg 768w\" sizes=\"auto, (max-width: 895px) 100vw, 895px\" \/><\/a> <\/p>\n<p>&#8230;&#8230;<\/p>\n<p>Im BLS war er unser erster Gesch\u00e4ftsf\u00fchrer und gewissenhafter  Schatzmeister. <\/p>\n<p><a href=\"https:\/\/bls-senat.de\/wp-content\/uploads\/2021\/05\/2004-Klaus-Kessler.jpg\"><img loading=\"lazy\" decoding=\"async\" src=\"https:\/\/bls-senat.de\/wp-content\/uploads\/2021\/05\/2004-Klaus-Kessler.jpg\" alt=\"\" width=\"109\" height=\"149\" class=\"alignleft size-full wp-image-363\" \/><\/a> Klaus Kessler (damals SB. Ufr) : Ich habe Anton als zur\u00fcckhaltend, scharfsinnig und wie ich glaube auch als  hintergr\u00fcndig humorvoll empfunden.<br \/>\nZugang zu seinem Denken und Selbstverst\u00e4ndnis habe ich  erst viel sp\u00e4ter gefunden in seinem Gedichtband &#8222;Zeit Los&#8220; und dem Kurzroman &#8222;Unbeschwerliche Reise&#8220;, die er mir zusandte. Dabei ist die Doppeldeutigkeit dieser Titel zugleich auch ein Hinweis auf die Inhalte dieser Schriften. Pl\u00f6tzlich war &#8211; so schien es  &#8211; der &#8222;eigentliche&#8220; Kollege Anton mir einerseits neu und doch sehr viel vertrauter. Hier ein Beispiel aus seinem Gedichtband (S.47); ich glaube so war und dachte er auch:<br \/>\n<br \/>\n<b>Wahrheit<\/b><br \/>\n&nbsp;&nbsp;&nbsp;&nbsp;&nbsp;&nbsp;Glaub denen nicht<br \/>\n&nbsp;&nbsp;&nbsp;&nbsp;&nbsp;die viele Worte machen<br \/>\n&nbsp;&nbsp;&nbsp;&nbsp;H\u00f6r nicht auf die<br \/>\n&nbsp;&nbsp;&nbsp;Die schweigen oder lachen<br \/>\n&nbsp;&nbsp;Wahrheit l\u00e4\u00dft sich<br \/>\n&nbsp;Einfach sagen<br \/>\nOder tun.<\/p>\n<p>&#8230;&#8230;<\/p>\n<p>&#8230;&#8230;<\/p>\n<p>Fortsetzung folgt<br \/>\n&#8230;&#8230;<\/p>\n<p><a href=\"https:\/\/bls-senat.de\/wp-content\/uploads\/2021\/02\/Sternwarte_ab-1994_121.pg_.jpg\"><img loading=\"lazy\" decoding=\"async\" src=\"https:\/\/bls-senat.de\/wp-content\/uploads\/2021\/02\/Sternwarte_ab-1994_121.pg_.jpg\"  title=\"Sternwarte Gymn. Penzberg\" alt=\"Sternwarte Gymn. Penzberg\" width=\"328\" height=\"228\" align=\"center\" hspace=\"4\" vspace=\"2\"  \/><\/a><br \/>\nAufgrund solcher Erfahrung im Verein BLS e.V. regte Anton Prestele 1992 die Gr\u00fcndung des \u201eF\u00f6rdervereins Gymnasium Penzberg\u201c an. Wie er n\u00e4mlich dort im Februar 1992 als Direktor begann, fand er nur eine leere Kuppel einer Sternwarte vor. Der F\u00f6rderverein konnte der Schule nach nur kurzer Zeit ein Teleskop im Wert von etwa 30.000,- DM zur Verf\u00fcgung stellen.<\/p>\n<p>&#8230;&#8230;<br \/>\nFortsetzung folgt<br \/>\n&#8230;&#8230;<\/p>\n<p>Auch noch nach seiner Zeit als Direktor am Gymnasium Penzberg trafen wir uns, z. B. zur Gelegenheit von runden und halbrunden Geburstagen z. B. im Augst 2007 zu Heinrichs 70. beim Waldhaus am Fohnsee bei Iffeldorf:<br \/>\n<a href=\"https:\/\/bls-senat.de\/wp-content\/uploads\/2021\/04\/2007-08-14_Fohnsee.jpg\"><img loading=\"lazy\" decoding=\"async\" src=\"https:\/\/bls-senat.de\/wp-content\/uploads\/2021\/04\/2007-08-14_Fohnsee.jpg\" alt=\"\" width=\"1600\" height=\"1200\" class=\"alignleft size-full wp-image-346\" srcset=\"https:\/\/bls-senat.de\/wp-content\/uploads\/2021\/04\/2007-08-14_Fohnsee.jpg 1600w, https:\/\/bls-senat.de\/wp-content\/uploads\/2021\/04\/2007-08-14_Fohnsee-300x225.jpg 300w, https:\/\/bls-senat.de\/wp-content\/uploads\/2021\/04\/2007-08-14_Fohnsee-1024x768.jpg 1024w, https:\/\/bls-senat.de\/wp-content\/uploads\/2021\/04\/2007-08-14_Fohnsee-768x576.jpg 768w, https:\/\/bls-senat.de\/wp-content\/uploads\/2021\/04\/2007-08-14_Fohnsee-1536x1152.jpg 1536w\" sizes=\"auto, (max-width: 1600px) 100vw, 1600px\" \/><\/a><br \/>\nAnton rechts im Bild mit Hut.<br \/>\n<a href=\"https:\/\/bls-senat.de\/wp-content\/uploads\/2021\/04\/2007-08-14_Fohnsee2.jpg\"><img loading=\"lazy\" decoding=\"async\" src=\"https:\/\/bls-senat.de\/wp-content\/uploads\/2021\/04\/2007-08-14_Fohnsee2.jpg\" alt=\"\" width=\"1600\" height=\"1200\" class=\"alignnone size-full wp-image-348\" srcset=\"https:\/\/bls-senat.de\/wp-content\/uploads\/2021\/04\/2007-08-14_Fohnsee2.jpg 1600w, https:\/\/bls-senat.de\/wp-content\/uploads\/2021\/04\/2007-08-14_Fohnsee2-300x225.jpg 300w, https:\/\/bls-senat.de\/wp-content\/uploads\/2021\/04\/2007-08-14_Fohnsee2-1024x768.jpg 1024w, https:\/\/bls-senat.de\/wp-content\/uploads\/2021\/04\/2007-08-14_Fohnsee2-768x576.jpg 768w, https:\/\/bls-senat.de\/wp-content\/uploads\/2021\/04\/2007-08-14_Fohnsee2-1536x1152.jpg 1536w\" sizes=\"auto, (max-width: 1600px) 100vw, 1600px\" \/><\/a><\/p>\n<p>Und auch im Oktober 2007 zu seinem (und meinem) 65. GT in den M\u00fcnchner Residenzstuben:<br \/>\nAnton rechts im Bild:<br \/>\n<a href=\"https:\/\/bls-senat.de\/wp-content\/uploads\/2021\/04\/2007-10-26_M-Resi1.jpg\"><img loading=\"lazy\" decoding=\"async\" src=\"https:\/\/bls-senat.de\/wp-content\/uploads\/2021\/04\/2007-10-26_M-Resi1.jpg\" align=\"right\"  width=\"340\" height=\"256\" class=\"alignnone size-full wp-image-350\" srcset=\"https:\/\/bls-senat.de\/wp-content\/uploads\/2021\/04\/2007-10-26_M-Resi1.jpg 681w, https:\/\/bls-senat.de\/wp-content\/uploads\/2021\/04\/2007-10-26_M-Resi1-300x225.jpg 300w\" sizes=\"auto, (max-width: 340px) 100vw, 340px\" \/><\/a><br \/>\n&#8230;&#8230;.<\/p>\n<p>&#8230;&#8230;.<\/p>\n<p>&#8230;&#8230;.<\/p>\n<p>&#8230;&#8230;.<\/p>\n<p>&#8230;&#8230;.<\/p>\n<p>&#8230;&#8230;.<\/p>\n<p>Anton 4. von links, Werner rechts im Bild:<br \/>\n<a href=\"https:\/\/bls-senat.de\/wp-content\/uploads\/2021\/04\/2007-10-26_M-Resi3.jpg\"><img loading=\"lazy\" decoding=\"async\" src=\"https:\/\/bls-senat.de\/wp-content\/uploads\/2021\/04\/2007-10-26_M-Resi3-300x225.jpg\"  align=\"left\"  width=\"300\" height=\"225\" class=\"alignnone size-medium wp-image-351\" srcset=\"https:\/\/bls-senat.de\/wp-content\/uploads\/2021\/04\/2007-10-26_M-Resi3-300x225.jpg 300w, https:\/\/bls-senat.de\/wp-content\/uploads\/2021\/04\/2007-10-26_M-Resi3.jpg 681w\" sizes=\"auto, (max-width: 300px) 100vw, 300px\" \/><\/a><br \/>\n&#8230;&#8230;.<br \/>\n&#8230;&#8230;.<\/p>\n<p>&#8230;&#8230;.<\/p>\n<p>&#8230;&#8230;.<br \/>\nAnton war ein liebenswerter Kollege, den wir sehr gesch\u00e4tzt habe.<\/p>\n<p>Fortsetzung folgt <\/p>\n","protected":false},"excerpt":{"rendered":"<p>Auch wenn Anton Prestele in verschiedensten Lebensbereichen mit vielen Menschen zusammen kam &#8211; wirklich gekannt haben in nur sehr Wenige. Das war auch schon im Kinderwagen so, denn w\u00e4hrend des 2. Weltkriegs gab es wenig Zeit zum Promenieren: Aufgewachsen und geboren ist er am 11. Okt. 1942 im Mietshaus Kellerweg 4 in Wolfertschwenden, einem Dorf [&hellip;]<\/p>\n","protected":false},"author":1,"featured_media":0,"parent":0,"menu_order":0,"comment_status":"closed","ping_status":"closed","template":"","meta":{"footnotes":""},"class_list":["post-286","page","type-page","status-publish","hentry"],"_links":{"self":[{"href":"https:\/\/bls-senat.de\/index.php?rest_route=\/wp\/v2\/pages\/286","targetHints":{"allow":["GET"]}}],"collection":[{"href":"https:\/\/bls-senat.de\/index.php?rest_route=\/wp\/v2\/pages"}],"about":[{"href":"https:\/\/bls-senat.de\/index.php?rest_route=\/wp\/v2\/types\/page"}],"author":[{"embeddable":true,"href":"https:\/\/bls-senat.de\/index.php?rest_route=\/wp\/v2\/users\/1"}],"replies":[{"embeddable":true,"href":"https:\/\/bls-senat.de\/index.php?rest_route=%2Fwp%2Fv2%2Fcomments&post=286"}],"version-history":[{"count":67,"href":"https:\/\/bls-senat.de\/index.php?rest_route=\/wp\/v2\/pages\/286\/revisions"}],"predecessor-version":[{"id":373,"href":"https:\/\/bls-senat.de\/index.php?rest_route=\/wp\/v2\/pages\/286\/revisions\/373"}],"wp:attachment":[{"href":"https:\/\/bls-senat.de\/index.php?rest_route=%2Fwp%2Fv2%2Fmedia&parent=286"}],"curies":[{"name":"wp","href":"https:\/\/api.w.org\/{rel}","templated":true}]}}