{"id":21,"date":"2013-01-01T17:11:09","date_gmt":"2013-01-01T15:11:09","guid":{"rendered":"http:\/\/bls-senat.de\/zum-mythos-ludwig-ii-und-den-\u201cvon-bayern\u201d\/prinzregent-und-alterwerden\/"},"modified":"2013-05-31T15:42:29","modified_gmt":"2013-05-31T13:42:29","slug":"prinzregent-und-alterwerden","status":"publish","type":"page","link":"https:\/\/bls-senat.de\/?page_id=21","title":{"rendered":"Prinzregent und \u00c4lterwerden"},"content":{"rendered":"<p><a href=\"https:\/\/bls-senat.de\/wp-content\/uploads\/2013\/01\/prinzregent_d12.jpg\" title=\"Prinzregent-Luitpold\"><img decoding=\"async\" src=\"https:\/\/bls-senat.de\/wp-content\/uploads\/2013\/01\/prinzregent_d12.thumbnail.jpg\" title=\"Prinzregent-Luitpold\" alt=\"Prinzregent-Luitpold\" align=\"left\" hspace=\"8\" vspace=\"4\" \/><\/a>Der Prinzregent Luitpold wurde sehr alt, aber er lie\u00df sich auch im Alter die M\u00fchen der Jagd nicht reuen; es ging die Rede im bayrischen Volk, wenn ihm der Tod den Stutzen nicht vorher aus der Hand n\u00e4hme, w\u00fcrde er ewig regieren.<br \/>\nEs war kurz vordem, dass der Tod sich zu dieser Ma\u00dfregel entschloss, als er noch einmal in sein geliebtes Oberstdorf kam, der Hochwildjagd nachzugehen. Da war es nat\u00fcrlich ein Fest f\u00fcr das Tal, dass der Prinzregent es h\u00f6chsteigen beehrte. Die Fahnen hingen heraus, und am Bahnhof stand der B\u00fcrgermeister mit dem Gemeinderat hinter der weiblichen Singschar in der heimatlichen Tracht, den Landesherrn zu begr\u00fc\u00dfen.<br \/>\nWie es ihm ginge? fragte der Prinzregent nach seiner leutseligen Art den B\u00fcrgermeister, als die B\u00f6ller geknallt und die M\u00e4dchen gesungen hatten; denn er war immer dankbar, wenn ihm kein neues Gesicht in den Weg trat, und den alten Brack kannte er seit vielen Jahren.<br \/>\n\u00bbWie soll es gehen?\u00ab gab der biedere Brack zur\u00fcck, den man den Br\u00e4ckle nannte, \u00bbman wird jedes Jahr \u00e4lter und d\u00fcmmer!\u00ab Damit hatte er nat\u00fcrlich sich selber gemeint; aber dem Prinzregenten mochte es notwendig scheinen sich aus der Verallgemeinerung abzusondern: \u00bbIch merke nichts!\u00ab sagte er trocken lachend und betonte das Ich.<br \/>\nZu solcher Unterscheidung war wiederum der Br\u00e4ckle bei aller schuldigen Ehrfurcht wenig geneigt, der als B\u00fcrgermeister gewohnt war, recht zu behalten. \u00bbWir selber merken&#8217;s nicht, K\u00f6nigliche Hoheit\u00ab, entgegnete er pfiffig, \u00bbaber diese!\u00ab, womit er, rundum zeigend, f\u00fcr sich den Gemeinderat und f\u00fcr den Landesherrn das Gefolge meinte.<\/p>\n<p>S. 224 \/ 225 in:\u00a0 Fink-Henseler, Roland W. (Hrsg.):<br \/>\nDeutscher Anekdotenschatz.<br \/>\nGeschichten um bekannte und ber\u00fchmte Pers\u00f6nlichkeiten.<br \/>\nLechner Verlag 1991\u00a0 ISBN\u00a0 978-3811203433<\/p>\n","protected":false},"excerpt":{"rendered":"<p>Der Prinzregent Luitpold wurde sehr alt, aber er lie\u00df sich auch im Alter die M\u00fchen der Jagd nicht reuen; es ging die Rede im bayrischen Volk, wenn ihm der Tod den Stutzen nicht vorher aus der Hand n\u00e4hme, w\u00fcrde er ewig regieren. Es war kurz vordem, dass der Tod sich zu dieser Ma\u00dfregel entschloss, als [&hellip;]<\/p>\n","protected":false},"author":1,"featured_media":0,"parent":31,"menu_order":0,"comment_status":"open","ping_status":"open","template":"","meta":{"footnotes":""},"class_list":["post-21","page","type-page","status-publish","hentry"],"_links":{"self":[{"href":"https:\/\/bls-senat.de\/index.php?rest_route=\/wp\/v2\/pages\/21","targetHints":{"allow":["GET"]}}],"collection":[{"href":"https:\/\/bls-senat.de\/index.php?rest_route=\/wp\/v2\/pages"}],"about":[{"href":"https:\/\/bls-senat.de\/index.php?rest_route=\/wp\/v2\/types\/page"}],"author":[{"embeddable":true,"href":"https:\/\/bls-senat.de\/index.php?rest_route=\/wp\/v2\/users\/1"}],"replies":[{"embeddable":true,"href":"https:\/\/bls-senat.de\/index.php?rest_route=%2Fwp%2Fv2%2Fcomments&post=21"}],"version-history":[{"count":2,"href":"https:\/\/bls-senat.de\/index.php?rest_route=\/wp\/v2\/pages\/21\/revisions"}],"predecessor-version":[{"id":72,"href":"https:\/\/bls-senat.de\/index.php?rest_route=\/wp\/v2\/pages\/21\/revisions\/72"}],"up":[{"embeddable":true,"href":"https:\/\/bls-senat.de\/index.php?rest_route=\/wp\/v2\/pages\/31"}],"wp:attachment":[{"href":"https:\/\/bls-senat.de\/index.php?rest_route=%2Fwp%2Fv2%2Fmedia&parent=21"}],"curies":[{"name":"wp","href":"https:\/\/api.w.org\/{rel}","templated":true}]}}

Prinzregent und Älterwerden

<p><a href="https://bls-senat.de/wp-content/uploads/2013/01/prinzregent_d12.jpg" title="Prinzregent-Luitpold"><img decoding="async" src="https://bls-senat.de/wp-content/uploads/2013/01/prinzregent_d12.thumbnail.jpg" title="Prinzregent-Luitpold" alt="Prinzregent-Luitpold" align="left" hspace="8" vspace="4" /></a>Der Prinzregent Luitpold wurde sehr alt, aber er ließ sich auch im Alter die Mühen der Jagd nicht reuen; es ging die Rede im bayrischen Volk, wenn ihm der Tod den Stutzen nicht vorher aus der Hand nähme, würde er ewig regieren.<br />
Es war kurz vordem, dass der Tod sich zu dieser Maßregel entschloss, als er noch einmal in sein geliebtes Oberstdorf kam, der Hochwildjagd nachzugehen. Da war es natürlich ein Fest für das Tal, dass der Prinzregent es höchsteigen beehrte. Die Fahnen hingen heraus, und am Bahnhof stand der Bürgermeister mit dem Gemeinderat hinter der weiblichen Singschar in der heimatlichen Tracht, den Landesherrn zu begrüßen.<br />
Wie es ihm ginge? fragte der Prinzregent nach seiner leutseligen Art den Bürgermeister, als die Böller geknallt und die Mädchen gesungen hatten; denn er war immer dankbar, wenn ihm kein neues Gesicht in den Weg trat, und den alten Brack kannte er seit vielen Jahren.<br />
»Wie soll es gehen?« gab der biedere Brack zurück, den man den Bräckle nannte, »man wird jedes Jahr älter und dümmer!« Damit hatte er natürlich sich selber gemeint; aber dem Prinzregenten mochte es notwendig scheinen sich aus der Verallgemeinerung abzusondern: »Ich merke nichts!« sagte er trocken lachend und betonte das Ich.<br />
Zu solcher Unterscheidung war wiederum der Bräckle bei aller schuldigen Ehrfurcht wenig geneigt, der als Bürgermeister gewohnt war, recht zu behalten. »Wir selber merken&#8217;s nicht, Königliche Hoheit«, entgegnete er pfiffig, »aber diese!«, womit er, rundum zeigend, für sich den Gemeinderat und für den Landesherrn das Gefolge meinte.</p>
<p>S. 224 / 225 in:  Fink-Henseler, Roland W. (Hrsg.):<br />
Deutscher Anekdotenschatz.<br />
Geschichten um bekannte und berühmte Persönlichkeiten.<br />
Lechner Verlag 1991  ISBN  978-3811203433</p>

<p>Der Prinzregent Luitpold wurde sehr alt, aber er ließ sich auch im Alter die Mühen der Jagd nicht reuen; es ging die Rede im bayrischen Volk, wenn ihm der Tod den Stutzen nicht vorher aus der Hand nähme, würde er ewig regieren. Es war kurz vordem, dass der Tod sich zu dieser Maßregel entschloss, als [&hellip;]</p>
