{"id":17,"date":"2013-01-01T16:49:43","date_gmt":"2013-01-01T14:49:43","guid":{"rendered":"http:\/\/bls-senat.de\/zum-mythos-ludwig-ii-und-den-\u201cvon-bayern\u201d\/"},"modified":"2016-11-01T22:17:49","modified_gmt":"2016-11-01T21:17:49","slug":"zum-mythos-ludwig-ii-und-den-%e2%80%9cvon-bayern%e2%80%9d","status":"publish","type":"page","link":"https:\/\/bls-senat.de\/?page_id=17","title":{"rendered":"Zum Mythos Ludwig II"},"content":{"rendered":"<p><a title=\"Ludwig II\" href=\"https:\/\/bls-senat.de\/wp-content\/uploads\/2013\/01\/ludwig2b_d12.jpg\"><img decoding=\"async\" title=\"Ludwig II\" src=\"https:\/\/bls-senat.de\/wp-content\/uploads\/2013\/01\/ludwig2b_d12.thumbnail.jpg\" alt=\"Ludwig II\" align=\"right\" hspace=\"8\" vspace=\"4\" \/><\/a><a title=\"Klick zu neuer Seite\" href=\"https:\/\/bls-senat.de\/?page_id=18\" target=\"_blank\">Hier ist die viel gelobte Er\u00f6ffnungsrede<\/a> von Dr. Richard Loibl, dem Direktor des HdBG,\u00a0 zur Bayerischen Landesausstellung 2011: G\u00f6tterd\u00e4mmerung\u00a0 Ludwig II, die sich mit dem Mythos Ludwig und den Mythos Bayern auseinandersetzt.<\/p>\n<p>Folgende eigene Seiten gibt es noch:<\/p>\n<ul>\n<li class=\"page_item\"><a title=\"Ein K\u00f6nig wird beseitigt\" href=\"https:\/\/bls-senat.de\/?page_id=19\" target=\"_blank\">Ein K\u00f6nig wird beseitigt<\/a> \u00a0 zum 2008 erschienen Buch von Heinz H\u00e4fner (Professor f\u00fcr Psychiatrie)<\/li>\n<li class=\"page_item\"><a title=\"K\u00f6nige von Bayern, deren Nachkommen\" href=\"https:\/\/bls-senat.de\/?page_id=22\" target=\"_blank\">K\u00f6nige von Bayern, deren Nachkommen<\/a> , die Genealogie seit Max I. bis zum Prinzen Rasso v. Bayern<\/li>\n<li class=\"page_item\"><a title=\"Pater Florian von Bayern in Kenia\" href=\"https:\/\/bls-senat.de\/?page_id=23\" target=\"_blank\">Pater Florian von Bayern in Kenia<\/a> &#8211; geschafft &#8211;\u00a0 eine ungew\u00f6hnliche Schullaufbahn brachte einen Sohn des Prinzen Rasso v. Bayern zu den Missionsbenediktinern.<\/li>\n<li class=\"page_item\"><a title=\"Prinzregent und \u00c4lterwerden\" href=\"https:\/\/bls-senat.de\/?page_id=21\" target=\"_blank\">Prinzregent und \u00c4lterwerden<\/a> &#8211; der B\u00fcrgermeister von Oberstdorf wollte Recht behalten.<\/li>\n<li class=\"page_item\"><a title=\"Rudolf Reiser: K\u00f6nig Ludwig II\" href=\"https:\/\/bls-senat.de\/?page_id=20\" target=\"_blank\">Rudolf Reiser: K\u00f6nig Ludwig II<\/a> Zur Vorstellung des Buchs &#8222;Ludwig II &#8211; Mensch und Mythos zwischen Genialit\u00e4t und G\u00f6tterd\u00e4mmerung&#8220; von Rudolf Reiser (2011)<\/li>\n<\/ul>\n","protected":false},"excerpt":{"rendered":"<p>Hier ist die viel gelobte Er\u00f6ffnungsrede von Dr. Richard Loibl, dem Direktor des HdBG,\u00a0 zur Bayerischen Landesausstellung 2011: G\u00f6tterd\u00e4mmerung\u00a0 Ludwig II, die sich mit dem Mythos Ludwig und den Mythos Bayern auseinandersetzt. Folgende eigene Seiten gibt es noch: Ein K\u00f6nig wird beseitigt \u00a0 zum 2008 erschienen Buch von Heinz H\u00e4fner (Professor f\u00fcr Psychiatrie) K\u00f6nige von [&hellip;]<\/p>\n","protected":false},"author":1,"featured_media":0,"parent":0,"menu_order":0,"comment_status":"open","ping_status":"open","template":"","meta":{"footnotes":""},"class_list":["post-17","page","type-page","status-publish","hentry"],"_links":{"self":[{"href":"https:\/\/bls-senat.de\/index.php?rest_route=\/wp\/v2\/pages\/17","targetHints":{"allow":["GET"]}}],"collection":[{"href":"https:\/\/bls-senat.de\/index.php?rest_route=\/wp\/v2\/pages"}],"about":[{"href":"https:\/\/bls-senat.de\/index.php?rest_route=\/wp\/v2\/types\/page"}],"author":[{"embeddable":true,"href":"https:\/\/bls-senat.de\/index.php?rest_route=\/wp\/v2\/users\/1"}],"replies":[{"embeddable":true,"href":"https:\/\/bls-senat.de\/index.php?rest_route=%2Fwp%2Fv2%2Fcomments&post=17"}],"version-history":[{"count":3,"href":"https:\/\/bls-senat.de\/index.php?rest_route=\/wp\/v2\/pages\/17\/revisions"}],"predecessor-version":[{"id":208,"href":"https:\/\/bls-senat.de\/index.php?rest_route=\/wp\/v2\/pages\/17\/revisions\/208"}],"wp:attachment":[{"href":"https:\/\/bls-senat.de\/index.php?rest_route=%2Fwp%2Fv2%2Fmedia&parent=17"}],"curies":[{"name":"wp","href":"https:\/\/api.w.org\/{rel}","templated":true}]}}

<p><a title="Ludwig II" href="https://bls-senat.de/wp-content/uploads/2013/01/ludwig2b_d12.jpg"><img decoding="async" title="Ludwig II" src="https://bls-senat.de/wp-content/uploads/2013/01/ludwig2b_d12.thumbnail.jpg" alt="Ludwig II" align="right" hspace="8" vspace="4" /></a><a title="Klick zu neuer Seite" href="https://bls-senat.de/?page_id=18" target="_blank">Hier ist die viel gelobte Eröffnungsrede</a> von Dr. Richard Loibl, dem Direktor des HdBG,  zur Bayerischen Landesausstellung 2011: Götterdämmerung  Ludwig II, die sich mit dem Mythos Ludwig und den Mythos Bayern auseinandersetzt.</p>
<p>Folgende eigene Seiten gibt es noch:</p>
<ul>
<li class="page_item"><a title="Ein König wird beseitigt" href="https://bls-senat.de/?page_id=19" target="_blank">Ein König wird beseitigt</a>   zum 2008 erschienen Buch von Heinz Häfner (Professor für Psychiatrie)</li>
<li class="page_item"><a title="Könige von Bayern, deren Nachkommen" href="https://bls-senat.de/?page_id=22" target="_blank">Könige von Bayern, deren Nachkommen</a> , die Genealogie seit Max I. bis zum Prinzen Rasso v. Bayern</li>
<li class="page_item"><a title="Pater Florian von Bayern in Kenia" href="https://bls-senat.de/?page_id=23" target="_blank">Pater Florian von Bayern in Kenia</a> &#8211; geschafft &#8211;  eine ungewöhnliche Schullaufbahn brachte einen Sohn des Prinzen Rasso v. Bayern zu den Missionsbenediktinern.</li>
<li class="page_item"><a title="Prinzregent und Älterwerden" href="https://bls-senat.de/?page_id=21" target="_blank">Prinzregent und Älterwerden</a> &#8211; der Bürgermeister von Oberstdorf wollte Recht behalten.</li>
<li class="page_item"><a title="Rudolf Reiser: König Ludwig II" href="https://bls-senat.de/?page_id=20" target="_blank">Rudolf Reiser: König Ludwig II</a> Zur Vorstellung des Buchs &#8222;Ludwig II &#8211; Mensch und Mythos zwischen Genialität und Götterdämmerung&#8220; von Rudolf Reiser (2011)</li>
</ul>

<p>Hier ist die viel gelobte Eröffnungsrede von Dr. Richard Loibl, dem Direktor des HdBG,  zur Bayerischen Landesausstellung 2011: Götterdämmerung  Ludwig II, die sich mit dem Mythos Ludwig und den Mythos Bayern auseinandersetzt. Folgende eigene Seiten gibt es noch: Ein König wird beseitigt   zum 2008 erschienen Buch von Heinz Häfner (Professor für Psychiatrie) Könige von [&hellip;]</p>
